{"id":227,"date":"2023-09-06T16:40:54","date_gmt":"2023-09-06T14:40:54","guid":{"rendered":"http:\/\/parafiajanchrzcicielplock.pl\/?page_id=227"},"modified":"2023-09-16T10:52:33","modified_gmt":"2023-09-16T08:52:33","slug":"grupa-pokutna","status":"publish","type":"page","link":"https:\/\/parafiajanchrzcicielplock.pl\/?page_id=227","title":{"rendered":"Grupa Pokutna"},"content":{"rendered":"\n<p>Za\u0142o\u017cycielk\u0105 grupy by\u0142a \u015bp. Wanda Niemczewska. Grupa liczy\u0142a od pi\u0119ciu do o\u015bmiu os\u00f3b i dzia\u0142a\u0142a pod duchowym przewodnictwem \u00f3wczesnego Proboszcza naszej parafii ks. pra\u0142ata Stanis\u0142awa Kutniewskiego. Obecnie kierownictwo duchowe sprawuje ks. kanonik Tomasz Brzezi\u0144ski \u2013 Proboszcz naszej parafii. Grupa ta przej\u0119\u0142a modlitw\u0119, jako podstaw\u0119 utrwalania wiary. Wsp\u00f3lnie z pasterzami naszego ko\u015bcio\u0142a, obserwuj\u0105c sytuacje w Polsce, odwracanie si\u0119 wielu ludzi, zw\u0142aszcza m\u0142odych, od wiary katolickiej, grupa ta postanowi\u0142a: 22-go ka\u017cdego miesi\u0105ca modli\u0107 si\u0119 do Mi\u0142osierdzia Bo\u017cego, przed wystawionym Naj\u015bwi\u0119tszym Sakramentem. Celem tej modlitwy by\u0142o przepraszanie za grzechy, wynagrodzenie Panu Bogu za pope\u0142nione winy i b\u0142aganie o przebaczenie.<\/p>\n\n\n\n<p>Z biegiem czasu grupa inicjowa\u0142a nowe formy modlitwy. W ka\u017cdy czwartek przed pierwszym pi\u0105tkiem miesi\u0105ca. Adoracja przed Naj\u015bwi\u0119tszym Sakramentem. Modlitwy za Papie\u017ca, Biskup\u00f3w, Kap\u0142an\u00f3w i ludzi po\u015bwi\u0119conych Bogu. <\/p>\n\n\n\n<p>Grupa Pokutna aktywnie w\u0142\u0105cza si\u0119 w modlitwy ca\u0142ego ko\u015bcio\u0142a, w okresie \u015awi\u0105t Bo\u017cego Narodzenia, Wielkanocy, Misji \u015awi\u0119tych , Rekolekcji, Nabo\u017ce\u0144stw Maryjnych i inne.<\/p>\n\n\n\n<p>Po \u015bmierci Wandy Niemczewskiej od 8 lat grup\u0119 prowadzi Leokadia Sta\u0144czyk (wcze\u015bniej r\u00f3wnie\u017c z Krystyn\u0105 Maciaszek) ponadto do grupy nale\u017c\u0105: Zofia Go\u015bciniak, Danuta Orzechowska, Bo\u017cena Rudomin, Teresa Sienkiewicz.<\/p>\n\n\n\n<p>Ufaj\u0105c w Bo\u017ce Mi\u0142osierdzie, mamy nadziej\u0119, i\u017c nasza modlitwa ze wszystkimi przebywaj\u0105cymi na Adoracji Naj\u015bwi\u0119tszego Sakramentu jest \u017ar\u00f3d\u0142em Bo\u017cych \u0141ask dla naszej parafialnej wsp\u00f3lnoty i wszystkich kt\u00f3rzy potrzebuj\u0105 Bo\u017cej pomocy.<\/p>\n\n\n\n<p><strong>Zach\u0119camy wszystkich do Adorowania naszego Pana przed Naj\u015bwi\u0119tszym Sakramentem w \u015bwi\u0119toja\u0144skim ko\u015bciele podczas naszej wsp\u00f3lnej modlitwy<\/strong><\/p>\n\n\n\n<p>Spotkania grupy parafialnej:<\/p>\n\n\n\n<p>w I pi\u0105tek miesi\u0105ca 17.00 &#8211; 18.00\u00a0<\/p>\n\n\n\n<p>w I czwartek miesi\u0105ca 17.00 &#8211; 18.00<\/p>\n\n\n\n<p>22-go dnia ka\u017cdego miesi\u0105ca 17.00 &#8211; 18.00<\/p>\n\n\n\n<p>oraz inne okazje&nbsp; adoracje Naj\u015bwi\u0119tszego Sakramentu od godz. 17.00 &#8211; 18.00;<\/p>\n","protected":false},"excerpt":{"rendered":"<p>Za\u0142o\u017cycielk\u0105 grupy by\u0142a \u015bp. Wanda Niemczewska. Grupa liczy\u0142a od pi\u0119ciu do o\u015bmiu os\u00f3b i dzia\u0142a\u0142a pod duchowym przewodnictwem \u00f3wczesnego Proboszcza naszej parafii ks. pra\u0142ata Stanis\u0142awa Kutniewskiego. Obecnie kierownictwo duchowe sprawuje ks. kanonik Tomasz Brzezi\u0144ski \u2013 Proboszcz naszej parafii. Grupa ta przej\u0119\u0142a modlitw\u0119, jako podstaw\u0119 utrwalania wiary. Wsp\u00f3lnie z pasterzami naszego ko\u015bcio\u0142a, obserwuj\u0105c sytuacje w Polsce, [&hellip;]<\/p>\n","protected":false},"author":1,"featured_media":0,"parent":0,"menu_order":0,"comment_status":"closed","ping_status":"closed","template":"","meta":{"footnotes":""},"_links":{"self":[{"href":"https:\/\/parafiajanchrzcicielplock.pl\/index.php?rest_route=\/wp\/v2\/pages\/227"}],"collection":[{"href":"https:\/\/parafiajanchrzcicielplock.pl\/index.php?rest_route=\/wp\/v2\/pages"}],"about":[{"href":"https:\/\/parafiajanchrzcicielplock.pl\/index.php?rest_route=\/wp\/v2\/types\/page"}],"author":[{"embeddable":true,"href":"https:\/\/parafiajanchrzcicielplock.pl\/index.php?rest_route=\/wp\/v2\/users\/1"}],"replies":[{"embeddable":true,"href":"https:\/\/parafiajanchrzcicielplock.pl\/index.php?rest_route=%2Fwp%2Fv2%2Fcomments&post=227"}],"version-history":[{"count":4,"href":"https:\/\/parafiajanchrzcicielplock.pl\/index.php?rest_route=\/wp\/v2\/pages\/227\/revisions"}],"predecessor-version":[{"id":409,"href":"https:\/\/parafiajanchrzcicielplock.pl\/index.php?rest_route=\/wp\/v2\/pages\/227\/revisions\/409"}],"wp:attachment":[{"href":"https:\/\/parafiajanchrzcicielplock.pl\/index.php?rest_route=%2Fwp%2Fv2%2Fmedia&parent=227"}],"curies":[{"name":"wp","href":"https:\/\/api.w.org\/{rel}","templated":true}]}}