{"id":132,"date":"2023-09-06T09:42:27","date_gmt":"2023-09-06T07:42:27","guid":{"rendered":"http:\/\/parafiajanchrzcicielplock.pl\/?page_id=132"},"modified":"2025-09-15T11:35:17","modified_gmt":"2025-09-15T09:35:17","slug":"bierzmowanie","status":"publish","type":"page","link":"https:\/\/parafiajanchrzcicielplock.pl\/?page_id=132","title":{"rendered":"Bierzmowanie"},"content":{"rendered":"\n<p class=\"has-text-align-center has-colibri-color-2-color has-text-color has-large-font-size\"><a href=\"http:\/\/parafiajanchrzcicielplock.pl\/?p=381\" data-type=\"link\" data-id=\"http:\/\/parafiajanchrzcicielplock.pl\/?p=381\"><strong>Informacje o sposobie<\/strong> <strong>zg\u0142oszenia kandydat\u00f3w do Bierzmowania we wrze\u015bniu 2025 r znajduj\u0105 si\u0119 TU.<\/strong><\/a><\/p>\n\n\n\n<ol>\n<li>Sakrament Bierzmowania jest jednym z sakrament\u00f3w wtajemniczenia chrze\u015bcija\u0144skiego. Ka\u017cdy ochrzczony mo\u017ce i powinien przyj\u0105\u0107 ten sakrament, gdy\u017c bez niego wtajemniczenie chrze\u015bcija\u0144skie pozostaje niedope\u0142nione.&nbsp;&nbsp; &nbsp;&nbsp;&nbsp;&nbsp;&nbsp;&nbsp;&nbsp;&nbsp;&nbsp;&nbsp;&nbsp;&nbsp;&nbsp;&nbsp;&nbsp;&nbsp;&nbsp;&nbsp;&nbsp;&nbsp;&nbsp;&nbsp;&nbsp;&nbsp;&nbsp;&nbsp;&nbsp;&nbsp;&nbsp;&nbsp;&nbsp;&nbsp;&nbsp;&nbsp;&nbsp;&nbsp;&nbsp;&nbsp;&nbsp;&nbsp;&nbsp;&nbsp;&nbsp;&nbsp;&nbsp;&nbsp;&nbsp;&nbsp;&nbsp;&nbsp;&nbsp;&nbsp;&nbsp;&nbsp;&nbsp;&nbsp;&nbsp;&nbsp;&nbsp;&nbsp;&nbsp;&nbsp;&nbsp;&nbsp;&nbsp;<\/li>\n\n\n\n<li><strong>Sakrament Bierzmowania udziela przyjmuj\u0105cemu daru samego Ducha \u015awi\u0119tego<\/strong>, g\u0142\u0119biej zakorzenia go w Bo\u017cym synostwie, \u015bci\u015blej jednoczy z Chrystusem, udoskonala jego wi\u0119\u017a z Ko\u015bcio\u0142em, udziela mu specjalnej mocy Ducha \u015awi\u0119tego do szerzenia wiary, jej obrony s\u0142owem i czynem, a tak\u017ce do m\u0119\u017cnego wyznawania imienia Chrystusa oraz do tego, by nigdy nie wstydzi\u0142 si\u0119 Krzy\u017ca.<\/li>\n\n\n\n<li><strong>Przygotowanie do Sakramentu Bierzmowania w naszej parafii trwa 2 lata.<\/strong><\/li>\n\n\n\n<li>Przygotowanie do sakramentu Bierzmowania ma na celu doprowadzenie kandydata do \u201eg\u0142\u0119bszego zjednoczenia z Chrystusem, do wi\u0119kszej za\u017cy\u0142o\u015bci z Duchem \u015awi\u0119tym, Jego dzia\u0142aniami, darami, natchnieniami, aby [\u2026] lepiej podj\u0105\u0107 apostolsk\u0105 odpowiedzialno\u015b\u0107\u201d. Jego celem jest tak\u017ce wychowanie do \u201eprzynale\u017cno\u015bci do Ko\u015bcio\u0142a Jezusa Chrystusa, zar\u00f3wno do Ko\u015bcio\u0142a powszechnego, jak i wsp\u00f3lnoty parafialnej\u201d.<\/li>\n\n\n\n<li>Przygotowanie do Bierzmowania to udzia\u0142 w nauczaniu religii (katechezie szkolnej) oraz w katechezie parafialnej poprzedzaj\u0105cej przyj\u0119cie bierzmowania. Kandydat do bierzmowania powinien zatem regularnie ucz\u0119szcza\u0107 na lekcje religii w szkole, w kt\u00f3rej pobiera nauk\u0119, a tak\u017ce uczestniczy\u0107 w \u017cyciu Ko\u015bcio\u0142a przez udzia\u0142 niedzielnej i \u015bwi\u0105tecznej Mszy \u015awi\u0119tej oraz w nabo\u017ce\u0144stwach.<\/li>\n\n\n\n<li>Uprzywilejowanym miejscem przygotowania bli\u017cszego i bezpo\u015bredniego do sakramentu Bierzmowania jest parafia zamieszkania, a nie parafia, na terenie kt\u00f3rej znajduje si\u0119 szko\u0142a.<\/li>\n\n\n\n<li>W parafii \u015bw. Jana Chrzciciela w P\u0142ocku na pocz\u0105tku roku szkolnego (miesi\u0105c wrzesie\u0144) uczniowie klas VIII szk\u00f3\u0142 podstawowych oraz I szk\u00f3\u0142 ponadpodstawowych i uczniowie starsi oraz doro\u015bli, kt\u00f3rzy nie byli jeszcze bierzmowani, zg\u0142aszaj\u0105 w kancelarii parafialnej swoj\u0105 wol\u0119 przygotowania do przyj\u0119cia sakramentu Bierzmowania.<\/li>\n\n\n\n<li>Kandydaci do Bierzmowania w ci\u0105gu roku szkolnego (od pa\u017adziernika), uczestnicz\u0105 w \u017cyciu religijnym (niedzielna Msza \u015awi\u0119te i nabo\u017ce\u0144stwa roku liturgicznego) oraz w katechezie parafialnej, przygotowuj\u0105c si\u0119 do godnego przyj\u0119cia sakramentu Bierzmowania.<\/li>\n<\/ol>\n","protected":false},"excerpt":{"rendered":"<p>Informacje o sposobie zg\u0142oszenia kandydat\u00f3w do Bierzmowania we wrze\u015bniu 2025 r znajduj\u0105 si\u0119 TU.<\/p>\n","protected":false},"author":1,"featured_media":0,"parent":0,"menu_order":0,"comment_status":"closed","ping_status":"closed","template":"","meta":{"footnotes":""},"_links":{"self":[{"href":"https:\/\/parafiajanchrzcicielplock.pl\/index.php?rest_route=\/wp\/v2\/pages\/132"}],"collection":[{"href":"https:\/\/parafiajanchrzcicielplock.pl\/index.php?rest_route=\/wp\/v2\/pages"}],"about":[{"href":"https:\/\/parafiajanchrzcicielplock.pl\/index.php?rest_route=\/wp\/v2\/types\/page"}],"author":[{"embeddable":true,"href":"https:\/\/parafiajanchrzcicielplock.pl\/index.php?rest_route=\/wp\/v2\/users\/1"}],"replies":[{"embeddable":true,"href":"https:\/\/parafiajanchrzcicielplock.pl\/index.php?rest_route=%2Fwp%2Fv2%2Fcomments&post=132"}],"version-history":[{"count":9,"href":"https:\/\/parafiajanchrzcicielplock.pl\/index.php?rest_route=\/wp\/v2\/pages\/132\/revisions"}],"predecessor-version":[{"id":2073,"href":"https:\/\/parafiajanchrzcicielplock.pl\/index.php?rest_route=\/wp\/v2\/pages\/132\/revisions\/2073"}],"wp:attachment":[{"href":"https:\/\/parafiajanchrzcicielplock.pl\/index.php?rest_route=%2Fwp%2Fv2%2Fmedia&parent=132"}],"curies":[{"name":"wp","href":"https:\/\/api.w.org\/{rel}","templated":true}]}}