{"id":124,"date":"2023-09-06T08:21:42","date_gmt":"2023-09-06T06:21:42","guid":{"rendered":"http:\/\/parafiajanchrzcicielplock.pl\/?page_id=124"},"modified":"2026-03-25T14:05:20","modified_gmt":"2026-03-25T13:05:20","slug":"rycerze-sw-jana-pawla-ii","status":"publish","type":"page","link":"https:\/\/parafiajanchrzcicielplock.pl\/?page_id=124","title":{"rendered":"Rycerze \u015bw. Jana Paw\u0142a II"},"content":{"rendered":"\n<p class=\"has-text-align-center\"><strong>Publiczne Stowarzyszenie Wiernych \u015awieckich,&nbsp;ju\u017c dzia\u0142a przy p\u0142ockiej parafii \u015bw. Jana Chrzciciela<\/strong><\/p>\n\n\n\n<p class=\"has-text-align-center\"><strong>Kim s\u0105 Rycerze \u015aw. Jana Paw\u0142a II? Kto\u015b by zapyta\u0142?<\/strong><\/p>\n\n\n\n<p class=\"has-text-align-center\">Zakon Rycerzy Jana Paw\u0142a II to katolickie stowarzyszenie wiernych \u015bwieckich skupiaj\u0105ce w swych szeregach m\u0119\u017cczyzn:<\/p>\n\n\n\n<p class=\"has-text-align-center\"><strong>WIERNYCH<\/strong><strong>&nbsp;\u2013&nbsp;<\/strong>nauce Ko\u015bcio\u0142a Rzymsko \u2013 Katolickiego, wchodz\u0105cych w duchowo\u015b\u0107 \u015bw. Jana Paw\u0142a II, pog\u0142\u0119biaj\u0105cy Jego nauczanie oraz swoje powo\u0142anie i formacj\u0119 duchow\u0105.<\/p>\n\n\n\n<p class=\"has-text-align-center\"><strong>MI\u0141OSIERNYCH&nbsp;<\/strong><strong>&nbsp;\u2013&nbsp;<\/strong>pochylaj\u0105cych nad potrzebami i chc\u0105cy wspiera\u0107 s\u0142abych i potrzebuj\u0105cych.<\/p>\n\n\n\n<p class=\"has-text-align-center\"><strong>JEDNOZNACZNYCH<\/strong><strong>&nbsp;\u2013&nbsp;<\/strong>chroni\u0105cych \u017cycie od pocz\u0119cia, a\u017c do naturalnej \u015bmierci, wierny rodzinie w jej tradycyjnym rozumieniu.<\/p>\n\n\n\n<p class=\"has-text-align-center\"><strong>SOLIDARNYCH<\/strong><strong>&nbsp;\u2013&nbsp;<\/strong>wspieraj\u0105cy w potrzebie Braci i s\u0142u\u017c\u0105cych im pomoc\u0105.<\/p>\n\n\n\n<p class=\"has-text-align-center\"><strong>BRATERSKICH<\/strong><strong>&nbsp;\u2013&nbsp;<\/strong>zyskuj\u0105cy wielu konfratr\u00f3w, kt\u00f3rzy staj\u0105 si\u0119 dla nich drug\u0105 rodzin\u0105.<\/p>\n\n\n\n<p class=\"has-text-align-center\">Rycerze Jana Paw\u0142a II chc\u0105 sw\u00f3j zasadniczy cel realizowa\u0107 przez zaanga\u017cowanie w:<\/p>\n\n\n\n<p class=\"has-text-align-center\"><strong>D\u0105\u017cenie do \u015bwi\u0119to\u015bci swoich cz\u0142onk\u00f3w<\/strong><\/p>\n\n\n\n<p class=\"has-text-align-center\"><strong>Obron\u0119 warto\u015bci chrze\u015bcija\u0144skich, w tym rodziny i \u017cycia (od pocz\u0119cia do naturalnej \u015bmierci)<\/strong><\/p>\n\n\n\n<p class=\"has-text-align-center\"><strong>Dbanie o rozw\u00f3j patriotyzmu i mi\u0142o\u015bci ojczyzny<\/strong><\/p>\n\n\n\n<p class=\"has-text-align-center\"><strong>Promocj\u0119 nauczania<br>\u015bw. Jana Paw\u0142a II<\/strong><\/p>\n\n\n\n<p class=\"has-text-align-center\"><strong>Wzajemn\u0105 pomoc bratni\u0105<\/strong><\/p>\n\n\n\n<p class=\"has-text-align-center\"><strong>Wspieranie duchowie\u0144stwa (w ka\u017cdej dziedzinie \u017cycia)<\/strong><\/p>\n\n\n\n<p class=\"has-text-align-center\"><strong>Promocj\u0119 duchowo\u015bci m\u0119\u017cczyzny<\/strong><\/p>\n\n\n\n<p class=\"has-text-align-center\"><strong>Wspieranie chrze\u015bcijan<\/strong><\/p>\n\n\n\n<p class=\"has-text-align-center\">Rycerze w liczbie przynajmniej sze\u015bciu Braci tworz\u0105 w danej parafii Chor\u0105giew.<\/p>\n\n\n\n<p class=\"has-text-align-center\"><strong>Kapelan chor\u0105gwi:<\/strong>\u00a0ks. kan. dr Tomasz Brzezi\u0144ski<br><strong>Wielki Rycerz:<\/strong>\u00a0ZB Krzysztof Karpi\u0144ski<br><strong>Kanclerz:<\/strong>\u00a0ZB Micha\u0142 G\u0105siorowski<br><strong>Skarbnik:<\/strong>\u00a0ZB Piotr Siedlecki<\/p>\n\n\n\n<p class=\"has-text-align-center\">Zakon Rycerzy Jana Paw\u0142a II, to m\u0119skie stowarzyszenie katolickie, kt\u00f3re pragnie zg\u0142\u0119bia\u0107, rozwija\u0107 i kontynuowa\u0107 dzie\u0142o \u015bw. Jana Paw\u0142a II. Broni\u0107 dobrego imienia Ko\u015bcio\u0142a i jego duszpasterzy, kultywowa\u0107 tradycje patriotyczne, organizowa\u0107 pomoc dla wsp\u00f3\u0142braci i pomoc charytatywn\u0105.<\/p>\n\n\n\n<p class=\"has-text-align-center\"><strong>Zapraszamy w ka\u017cdy I pi\u0105tek miesi\u0105ca na spotkanie P\u0142ockiej Chor\u0105gwi Rycerzy Zakonu \u015bw. Jana Paw\u0142a II &#8211;  Msza \u015awi\u0119ta o godz. 18.00, a nast\u0119pnie na spotkanie na plebanii. Przyjd\u017a i zobacz jak to wszystko wygl\u0105da. Spotkania s\u0105 otwarte dla wszystkich m\u0119\u017cczyzn, aby kszta\u0142towa\u0107 &nbsp;m\u0119skie odruchy serca.<\/strong><\/p>\n\n\n\n<figure class=\"wp-block-gallery has-nested-images columns-default is-cropped wp-block-gallery-1 is-layout-flex wp-block-gallery-is-layout-flex\">\n<figure class=\"wp-block-image size-full is-style-rounded\"><img loading=\"lazy\" decoding=\"async\" width=\"1920\" height=\"2560\" data-id=\"470\" src=\"http:\/\/parafiajanchrzcicielplock.pl\/wp-content\/uploads\/2023\/09\/IMG_2699-scaled.jpeg\" alt=\"\" class=\"wp-image-470\" style=\"aspect-ratio:3\/4;object-fit:contain\" srcset=\"https:\/\/parafiajanchrzcicielplock.pl\/wp-content\/uploads\/2023\/09\/IMG_2699-scaled.jpeg 1920w, https:\/\/parafiajanchrzcicielplock.pl\/wp-content\/uploads\/2023\/09\/IMG_2699-225x300.jpeg 225w, https:\/\/parafiajanchrzcicielplock.pl\/wp-content\/uploads\/2023\/09\/IMG_2699-768x1024.jpeg 768w, https:\/\/parafiajanchrzcicielplock.pl\/wp-content\/uploads\/2023\/09\/IMG_2699-1152x1536.jpeg 1152w, https:\/\/parafiajanchrzcicielplock.pl\/wp-content\/uploads\/2023\/09\/IMG_2699-1536x2048.jpeg 1536w\" sizes=\"(max-width: 1920px) 100vw, 1920px\" \/><\/figure>\n<\/figure>\n","protected":false},"excerpt":{"rendered":"<p>Publiczne Stowarzyszenie Wiernych \u015awieckich,&nbsp;ju\u017c dzia\u0142a przy p\u0142ockiej parafii \u015bw. Jana Chrzciciela Kim s\u0105 Rycerze \u015aw. Jana Paw\u0142a II? Kto\u015b by zapyta\u0142? Zakon Rycerzy Jana Paw\u0142a II to katolickie stowarzyszenie wiernych \u015bwieckich skupiaj\u0105ce w swych szeregach m\u0119\u017cczyzn: WIERNYCH&nbsp;\u2013&nbsp;nauce Ko\u015bcio\u0142a Rzymsko \u2013 Katolickiego, wchodz\u0105cych w duchowo\u015b\u0107 \u015bw. Jana Paw\u0142a II, pog\u0142\u0119biaj\u0105cy Jego nauczanie oraz swoje powo\u0142anie i [&hellip;]<\/p>\n","protected":false},"author":1,"featured_media":0,"parent":0,"menu_order":0,"comment_status":"closed","ping_status":"closed","template":"","meta":{"footnotes":""},"_links":{"self":[{"href":"https:\/\/parafiajanchrzcicielplock.pl\/index.php?rest_route=\/wp\/v2\/pages\/124"}],"collection":[{"href":"https:\/\/parafiajanchrzcicielplock.pl\/index.php?rest_route=\/wp\/v2\/pages"}],"about":[{"href":"https:\/\/parafiajanchrzcicielplock.pl\/index.php?rest_route=\/wp\/v2\/types\/page"}],"author":[{"embeddable":true,"href":"https:\/\/parafiajanchrzcicielplock.pl\/index.php?rest_route=\/wp\/v2\/users\/1"}],"replies":[{"embeddable":true,"href":"https:\/\/parafiajanchrzcicielplock.pl\/index.php?rest_route=%2Fwp%2Fv2%2Fcomments&post=124"}],"version-history":[{"count":9,"href":"https:\/\/parafiajanchrzcicielplock.pl\/index.php?rest_route=\/wp\/v2\/pages\/124\/revisions"}],"predecessor-version":[{"id":2325,"href":"https:\/\/parafiajanchrzcicielplock.pl\/index.php?rest_route=\/wp\/v2\/pages\/124\/revisions\/2325"}],"wp:attachment":[{"href":"https:\/\/parafiajanchrzcicielplock.pl\/index.php?rest_route=%2Fwp%2Fv2%2Fmedia&parent=124"}],"curies":[{"name":"wp","href":"https:\/\/api.w.org\/{rel}","templated":true}]}}